302917.
3, 13, 2039, 3877
List the prime factors of 7217002.
2, 13, 277577
List the prime factors of 174207053.
97, 439, 4091
List the prime factors of 4081069581.
3, 1360356527
What are the prime factors of 1246036667?
563, 2213209
What are the prime factors of 121375817?
29, 4185373
List the prime factors of 2885147446.
2, 37, 4567, 8537
List the prime factors of 1896641922.
2, 3, 7, 6451163
List the prime factors of 1283359067.
1283359067
List the prime factors of 1368918433.
797, 1187, 1447
List the prime factors of 3112723338.
2, 3, 331, 1567333
List the prime factors of 322780847.
322780847
What are the prime factors of 3572960397?
3, 17, 31, 2259937
List the prime factors of 1217128042.
2, 13, 179, 261523
List the prime factors of 2218352658.
2, 3, 1321, 279883
List the prime factors of 127148486.
2, 63574243
List the prime factors of 108754090.
2, 5, 683, 15923
What are the prime factors of 923854357?
67, 419, 32909
What are the prime factors of 320031406?
2, 5393, 29671
What are the prime factors of 62301094?
2, 31150547
List the prime factors of 40215342.
2, 3, 41, 163477
List the prime factors of 56806277.
11, 5164207
List the prime factors of 21523748.
2, 5380937
List the prime factors of 139551720.
2, 3, 5, 7, 11, 1373
List the prime factors of 3340105737.
3, 2383, 467213
List the prime factors of 85952920.
2, 5, 971, 2213
List the prime factors of 6970352.
2, 435647
List the prime factors of 1077741195.
3, 5, 31, 2317723
What are the prime factors of 161526817?
5669, 28493
List the prime factors of 1102871607.
3, 1291, 284759
List the prime factors of 95231753.
23, 4140511
List the prime factors of 32884042.
2, 1483, 11087
What are the prime factors of 33509835?
3, 5, 89, 2789
List the prime factors of 195172076.
2, 11, 53, 127, 659
List the prime factors of 16951387.
16951387
List the prime factors of 6935823.
3, 770647
What are the prime factors of 1189688180?
2, 5, 67, 887827
What are the prime factors of 71062472?
2, 13, 52561
List the prime factors of 79102992.
2, 3, 1049, 1571
What are the prime factors of 104387136?
2, 3, 7, 101, 769
What are the prime factors of 1981916823?
3, 521, 677, 1873
What are the prime factors of 57797553?
3, 11, 101, 17341
What are the prime factors of 1762084740?
2, 3, 5, 13, 23, 98221
List the prime factors of 18994859.
13, 233, 6271
List the prime factors of 1359630199.
17, 401, 199447
List the prime factors of 185081926.
2, 19, 127, 38351
What are the prime factors of 84857799?
3, 13, 29, 75029
List the prime factors of 6523945863.
3, 2174648621
What are the prime factors of 218918080?
2, 5, 684119
What are the prime factors of 276293693?
13, 21253361
What are the prime factors of 363721755?
3, 5, 1151, 21067
What are the prime factors of 69109606?
2, 4729, 7307
List the prime factors of 11845864.
2, 1480733
What are the prime factors of 257452791?
3, 85817597
List the prime factors of 1182271386.
2, 3, 197045231
List the prime factors of 905171238.
2, 3, 73, 688867
List the prime factors of 377810941.
17, 41, 542053
What are the prime factors of 193052016?
2, 3, 1340639
What are the prime factors of 477524574?
2, 3, 23, 1153441
What are the prime factors of 1276649536?
2, 167, 119447
List the prime factors of 664333432.
2, 7, 61, 439, 443
List the prime factors of 1269451838.
2, 634725919
List the prime factors of 40702906.
2, 1103, 18451
List the prime factors of 51153656.
2, 23, 317, 877
List the prime factors of 1195430196.
2, 3, 587, 169709
List the prime factors of 816190182.
2, 3, 19, 265169
List the prime factors of 1162745962.
2, 7, 743, 111781
List the prime factors of 51228761.
29, 1766509
List the prime factors of 256254045.
3, 5, 19, 37, 1279
List the prime factors of 191046863.
7, 131, 157, 1327
What are the prime factors of 106883924?
2, 7, 103, 37061
What are the prime factors of 5911867850?
2, 5, 7, 59, 286289
List the prime factors of 99671715.
3, 5, 11, 13, 1721
List the prime factors of 754496196.
2, 3, 62874683
List the prime factors of 945605258.
2, 13, 36369433
What are the prime factors of 2229948650?
2, 5, 17, 487, 5387
List the prime factors of 64479446.
2, 43, 749761
What are the prime factors of 2628422382?
2, 3, 23, 19046539
List the prime factors of 536299745.
5, 1621, 66169
List the prime factors of 578626783.
7, 71, 113, 10303
What are the prime factors of 25818287?
11, 311, 7547
List the prime factors of 66586598.
2, 13, 2561023
What are the prime factors of 57517913?
57517913
What are the prime factors of 38544228?
2, 3, 23, 59, 263
What are the prime factors of 750446123?
7, 15315227
List the prime factors of 31381120.
2, 5, 49033
What are the prime factors of 156370330?
2, 5, 23, 89, 7639
What are the prime factors of 2589467528?
2, 3697, 87553
What are the prime factors of 35716719?
3, 29, 199, 2063
What are the prime factors of 108853845?
3, 5, 163, 211
List the prime factors of 1954250785.
5, 390850157
List the prime factors of 365128661.
97, 3764213
What are the prime factors of 44167687?
1877, 23531
List the prime factors of 872626937.
7, 13, 167, 631
List the prime factors of 3831989267.
23, 31, 5374459
List the prime factors of 2567998877.
53, 241, 201049
What are the prime factors of 680970571?
127, 5361973
What are the prime factors of 642638126?
2, 13, 37, 73, 9151
What are the prime factors of 12306341?
12306341
What are the prime factors of 831284111?
7, 118754873
What are the prime factors of 225394728?
2, 3, 13, 29, 859
List the prime factors of 2386065782.
2, 1193032891
List the prime factors of 553836052.
2, 7, 11, 113, 15913
List the prime factors of 1200122496.
2, 3, 79, 13187
List the prime factors of 332292649.
13, 787, 32479
What are the prime factors of 7871325?
3, 5, 7, 11, 29, 47
What are the prime factors of 93274278?
2, 3, 15545713
What are the prime factors of 31872611?
941, 33871
List the prime factors of 3558071486.
2, 1779035743
List the prime factors of 2486260.
2, 5, 7, 43, 59
What are the prime factors of 31626626?
2, 3023, 5231
List the prime factors of 3466951600.
2, 5, 7, 1238197
What are the prime factors of 948996788?
2, 73, 1009, 3221
What are the prime factors of 431653223?
431653223
List the prime factors of 7690129.
7690129
What are the prime factors of 138367492?
2, 293, 118061
List the prime factors of 1220066384.
2, 139, 548591
List the prime factors of 273908228.
2, 11, 6225187
What are the prime factors of 786707431?
37, 21262363
List the prime factors of 73172345.
5, 709, 20641
List the prime factors of 1773945072.
2, 3, 227, 54269
List the prime factors of 33005410.
2, 5, 41, 79, 1019
What are the prime factors of 227456910?
2, 3, 5, 280811
What are the prime factors of 128223727?
3001, 42727
List the prime factors of 221319027.
3, 8197001
What are the prime factors of 266213222?
2, 11, 71, 131, 1301
What are the prime factors of 577390757?
577390757
What are the prime factors of 229341649?
1601, 143249
List the prime factors of 269215422.
2, 3, 7, 281, 22811
What are the prime factors of 1585717418?
2, 792858709
List the prime factors of 207753847.
7, 19, 31, 41, 1229
List the prime factors of 192040391.
19, 349, 28961
What are the prime factors of 4205957793?
3, 233, 6017107
What are the prime factors of 45656444?
2, 101, 113011
What are the prime factors of 12613004?
2, 37, 85223
What are the prime factors of 205890409?
47, 4380647
What are the prime factors of 2824118488?
2, 607, 581573
List the prime factors of 31249776.
2, 3, 439, 1483
List the prime factors of 2289699155.
5, 233, 1965407
List the prime factors of 766836926.
2, 491, 743, 1051
What are the prime factors of 2949404359?
11, 2687, 99787
What are the prime factors of 29990681?
7, 4284383
What are the prime factors of 68238103?
68238103
List the prime factors of 96018768.
2, 3, 29, 22993
List the prime factors of 1349699954.
2, 674849977
What are the prime factors of 24758383?
13, 41, 46451
What are the prime factors of 73345459?
11, 23, 131, 2213
What are the prime factors of 1928298?
2, 3, 321383
List the prime factors of 43508818.
2, 37, 397, 1481
What are the prime factors of 42920308?
2, 17, 631181
What are the prime factors of 146019868?
2, 17, 2147351
List the prime factors of 28595949.
3, 9531983
What are the prime factors of 427